) in base 6?
40532121
-21002122211 (base 3) to base 4
-202013020
What is 122817 (base 11) in base 15?
3c721
Convert -53171605 (base 8) to base 3.
-210022212001112
85396 (base 11) to base 14
333d1
140763 (base 11) to base 12
a7757
-a0493 (base 13) to base 9
-475778
63427 (base 11) to base 12
45540
What is -3525787 (base 10) in base 9?
-6563421
What is 1222111002 (base 3) in base 8?
114116
Convert 1253062 (base 7) to base 15.
33a61
What is 120222122212 (base 3) in base 5?
40032211
What is 313914 (base 11) in base 6?
14440111
What is -1183496 (base 10) in base 7?
-13026266
Convert 534084 (base 10) to base 12.
2190b0
Convert 35114421 (base 6) to base 12.
442a11
Convert -1200002001 (base 3) to base 15.
-9b0a
What is 201222102211210 (base 3) in base 13?
2279b08
What is -3089972 (base 10) in base 9?
-5728572
What is -5c50f (base 16) in base 2?
-1011100010100001111
-5013410 (base 6) to base 15
-49b19
Convert 30221130 (base 4) to base 7.
304014
377606 (base 8) to base 14
35a18
110100010000010100101101 (base 2) to base 9
27687537
Convert 13111050 (base 6) to base 5.
102213342
Convert -48a0c (base 13) to base 15.
-29867
What is -1870534 (base 10) in base 6?
-104031514
-102212011022202 (base 3) to base 7
-104364224
Convert 512105 (base 6) to base 9.
61675
What is -c68d66 (base 14) in base 9?
-13554875
What is -250335 (base 7) in base 8?
-131340
-15a74 (base 12) to base 7
-156046
What is 196e62 (base 15) in base 5?
304112432
201bb (base 14) to base 10
77193
Convert -2021020210000 (base 3) to base 8.
-4462544
Convert ba761 (base 14) to base 3.
211221022020
-47994 (base 11) to base 14
-1b25b
-130001203 (base 4) to base 6
-2243231
Convert 23126470 (base 8) to base 3.
100110022010002
What is 2ac8d (base 14) in base 4?
122003331
What is -210321220022 (base 4) in base 15?
-cb121b
What is 11010000001111000100 (base 2) in base 4?
3100033010
-1530560 (base 7) to base 3
-101121221012
Convert 1123211 (base 9) to base 12.
252817
Convert 122054 (base 8) to base 13.
1618c
Convert -344341 (base 7) to base 10.
-61573
-18fe47 (base 16) to base 15
-2254c4
What is 103627 (base 12) in base 5?
31124121
Convert -31323020 (base 5) to base 6.
-5332214
-428757 (base 11) to base 8
-2471763
What is 2221341 (base 6) in base 2?
11011010010111101
What is -a5c4a (base 15) in base 3?
-222201101121
What is 266851 (base 13) in base 8?
3425450
11826a (base 13) to base 8
1460100
What is 120010134 (base 5) in base 10?
547544
32110031 (base 4) to base 9
88382
What is -2503012 (base 6) in base 14?
-365b2
Convert 110110001111010000 (base 2) to base 16.
363d0
What is -56346533 (base 7) in base 2?
-10010101000110111001001
-131012203 (base 5) to base 15
-ca153
45659 (base 13) to base 11
869a4
9178 (base 14) to base 12
12572
What is 21222021212 (base 3) in base 11?
a7a0a
What is 2210233242 (base 5) in base 7?
55402641
-12212214212 (base 5) to base 4
-313211013030
Convert 3392594 (base 10) to base 14.
644522
What is -1001111000100101111010 (base 2) in base 8?
-11704572
What is -101887 (base 12) in base 7?
-2066104
What is 9449c6 (base 14) in base 2?
10011000110011010010010
-36103 (base 12) to base 2
-10001110000010011
Convert 192a13 (base 16) to base 15.
22899b
What is 406a498 (base 13) in base 7?
324521213
Convert -174606 (base 8) to base 13.
-230c9
Convert 30232004 (base 5) to base 15.
4bdd9
Convert -20a3b1 (base 13) to base 12.
-30a9b3
What is -100001111011100100101101 (base 2) in base 9?
-17656282
-1203c (base 13) to base 9
-50243
What is -4a5c80 (base 15) in base 7?
-42201024
-18684 (base 16) to base 15
-1e94c
Convert -101430232 (base 5) to base 8.
-1465524
Convert -4397561 (base 12) to base 16.
-c4af59
-2a3847 (base 16) to base 13
-75b53c
What is 663c3 (base 13) in base 4?
231031332
-aa9a73 (base 14) to base 15
-79548c
Convert -1051264 (base 8) to base 7.
-2256665
-39a5 (base 16) to base 7
-61011
Convert -6ebe0 (base 16) to base 8.
-1565740
50664041 (base 7) to base 8
20116174
Convert 929012 (base 14) to base 7.
60002022
What is 32113032000 (base 4) in base 15?
4e58d0
Convert -3031130101 (base 4) to base 15.
-1194e4
Convert -100111211202022 (base 3) to base 8.
-23221712
What is 2230342401 (base 5) in base 8?
22644725
What is 1a100a (base 15) in base 8?
4656422
Convert 23554250 (base 7) to base 6.
112543002
310312303110 (base 4) to base 7
225526242
45111 (base 13) to base 8
364744
-10110100001101110100 (base 2) to base 8
-2641564
Convert -250a56 (base 14) to base 10.
-1269764
Convert 135a439 (base 11) to base 15.
313cc0
Convert -10011000011000110101110 (base 2) to base 12.
-1809892
Convert 100110001011101101 (base 2) to base 8.
461355
Convert 25ca91 (base 16) to base 12.
9b5329
11033123 (base 4) to base 15
6562
Convert -1259209 (base 10) to base 9.
-2328271
What is 19602 (base 16) in base 11?
710aa
1022212000220 (base 3) to base 15
de166
121101101 (base 4) to base 10
103505
What is -7a15ab (base 16) in base 9?
-16044202
Convert 110002000212 (base 3) to base 16.
3a06d
What is -2021031223 (base 4) in base 15?
-b17d7
Convert -9a597c (base 13) to base 5.
-1412433411
-378066 (base 9) to base 8
-677146
Convert -584170 (base 9) to base 11.
-21a613
What is c9600 (base 14) in base 12?
1b5900
What is -483548 (base 10) in base 8?
-1660334
What is 5330c1 (base 13) in base 2?
111011011110011100000
381434 (base 12) to base 2
11011111010100101000
Convert -11520526 (base 7) to base 9.
-1840261
Convert 63502427 (base 8) to base 11.
770472a
371b1 (base 12) to base 2
10010001101010101
Convert -3032434 (base 5) to base 2.
-1011111111011111
2b829b8 (base 12) to base 8
41677434
10101021010000 (base 3) to base 12
727669
11006501 (base 7) to base 6
32120012
Convert 11220000211 (base 3) to base 10.
96250
Convert -24b519 (base 14) to base 4.
-10303233103
What is -20302 (base 5) in base 3?
-1211011
-542154 (base 7) to base 12
-46779
What is 4085b (base 15) in base 6?
4214122
What is 13185 (base 9) in base 12?
51a2
Convert -21122231001 (base 4) to base 8.
-11325501
194b0b (base 16) to base 14
31212b
Convert 11010000102 (base 3) to base 12.
3aa02
What is -3316774 (base 8) in base 2?
-11011001110111111100
What is 9b9998 (base 14) in base 13?
1132843
-7455811 (base 9) to base 14
-75d463
-1754a (base 13) to base 7
-244515
What is 9683 (base 11) in base 16?
31fc
-126552 (base 10) to base 11
-87098
What is c264d (base 15) in base 10?
615673
10011000100011110101 (base 2) to base 7
5211552
4203600 (base 11) to base 9
14847728
Convert -13505514 (base 7) to base 4.
-10310032200
What is -31414 (base 7) in base 8?
-17111
Convert -1136245 (base 7) to base 3.
-21022022201
-222212010012011 (base 3) to base 14
-1c774c5
What is -82649 (base 12) in base 11?
-106a17
What is 851467 (base 10) in base 14?
182431
What is -122041253 (base 7) in base 5?
-3430013033
-2b2b2a7 (base 12) to base 14
-12440d9
-ed2b1 (base 16) to base 12
-3aa215
Convert -654869 (base 11) to base 8.
-3772566
10011100011000111000100 (base 2) to base 7
61362242
108da95 (base 14) to base 4
132002201003
What is 568360 (base 9) in base 10?
340740
Convert -3251343 (base 6) to base 3.
-22020201000
Convert 42212420 (base 6) to base 13.
341103
What is -44240013 (base 5) in base 16?
-5db0e
2211131032 (base 4) to base 10
677710
42504312 (base 6) to base 4
10301320310
What is -1162a (base 12) in base 14?
-872a
What is -2212122110 (base 3) in base 16?
-dd1c
Convert b62939 (base 13) to base 16.
4106b0
Convert -53253406 (base 7) to base 3.
-22111111212021
Convert -1032a (base 16) to base 4.
-100030222
-450822 (base 14) to base 5
-1100014344
Convert 4609b2 (base 13) to base 14.
312432
10000020111 (base 3) to base 4
32131120
-1907072 (base 10) to base 2
-111010001100110000000
What is -5405025 (base 6) in base 11?
-171507
What is 10232043 (base 6) in base 15?
5dc90
What is 12279 (base 16) in base 12?
37049
What is -36202a1 (base 11) in base 2?
-11000000100101011100000
What is 4313313131 (base 5) in base 11?
516991a
Convert 60490 (base 10) to base 9.
101871
-156450 (base 7) to base 5
-1443401
11200200201 (base 3) to base 7
533161
-b71a5 (base 15) to base 6
-20241132
Convert 1010000111111101111 (base 2) to base 5.
41104014
What is -3b5b8c (base 13) in base 6?
-50515202
What is -1100100101001011111 (base 2) in base 12?
-17a6a7
What is 2ad787 (base 14) in base 2?
101101101011110001011
Wha